What is f(-4)?
-5
Let p(s) = -s. Let m(r) = -3*r + 1. Let o(c) = -2*m(c) + 7*p(c). Let a be o(-6). Let d(n) be the third derivative of -n**5/60 + 5*n**4/24 + n**2. Give d(a).
4
Let m(r) = -2*r**2 - 9742*r + 7 + 3*r**2 + 9744*r. What is m(6)?
55
Let q be (-18)/7 + (-4)/(-28)*-3. Let o(g) = -6*g - 29. Let l(c) = -2*c - 10. Let p(u) = q*o(u) + 8*l(u). Determine p(5).
17
Suppose 0 = -16*y + 17*y - 3. Let k(z) = -2*z + 2*z**2 + 2 + 2*z**y - z**3 + 9 - 10*z**2. Give k(8).
-5
Let i = 15 - 13. Let x be (1 - 3) + 4/1. Let u(v) = -3*v**2 + v + 1 + x*v - i*v. What is u(2)?
-9
Let w(l) = -8*l**3 - 1. Let p be 1/(-4) - 381/508. Determine w(p).
7
Let x(b) = b**2 + 34*b + 2. Let r be x(-34). Let z(f) be the first derivative of 2 - 1/2*f**2 - 8/3*f**3 + r*f + 1/4*f**4. Give z(8).
-6
Let a(w) = -2*w**2 - 5*w - 2. Let f = -29 - -32. Let d(q) = 4*q**2 + 11*q + 4. Let y(j) = f*d(j) + 7*a(j). Give y(-2).
-6
Let h(k) be the first derivative of k**5/20 + k**4/12 + 15*k**2/2 - 10*k - 10. Let f(t) be the first derivative of h(t). Give f(0).
15
Suppose -j - 9 = w, 3*w + 18 = -2*j - 4. Let s(l) = -123 + l - 141 + 263. Give s(w).
-5
Suppose 0 = -2*c + 5*v + 15 - 47, 30 = -2*c + 4*v. Let n(u) = -u**3 - 10*u**2 + 12*u + 11. Calculate n(c).
0
Let i(o) = -o**3 - 1. Let d(l) be the third derivative of l**6/40 - l**5/15 - l**3/6 - 11*l**2. Let a(s) = -d(s) - 4*i(s). Give a(-4).
5
Let p(u) = -u**3 - 8*u**2 + u - 9. Let m = -252 - -244. Determine p(m).
-17
Let x(i) be the first derivative of i**4/4 - 7*i**3/3 + 4*i**2 + 5*i - 1. Let m be (19/(-38))/((-4)/48*1). Determine x(m).
17
Let t(a) = -a**2 + 19. Suppose -5*q = k + 5, 4*q + 18 = -5*k - 7. What is t(q)?
19
Let h(q) be the first derivative of -16*q**2 + q - 76. Give h(-1).
33
Let m(p) = 5*p - 6. Let s(f) = -9*f + 11. Let q(v) = -11*m(v) - 6*s(v). What is q(-7)?
7
Let u(k) = k**3 - 7*k**2 - 8*k + 6. Let r be 126/(-1449) + (-186)/(-23). Determine u(r).
6
Let t(x) = -7*x - 1. Let a(j) = -13*j - 2. Let p(b) = 3*a(b) - 5*t(b). Let y(z) = z**3 - 3*z**2 - 2*z + 2. Let u be y(3). Give p(u).
15
Let z(m) = -m - 9*m - 10*m + 10 + 11*m - 4*m - 2*m**2. Determine z(-8).
-14
Let q be 18/(-8)*8/3. Let y(r) be the first derivative of r**2/2 + r + 499. What is y(q)?
-5
Let h(p) be the second derivative of p**3/6 - 11*p. Determine h(6).
6
Let h(r) = r**2 + r + 1. Let b be 816/391 + (-1 - 84/(-92)). Give h(b).
7
Let q(i) = 4*i - 5. Let j(w) = w**2 + 3*w + 2. Let t be j(-3). Suppose -2 = -2*u - b, 2*u - 2*b - 6 = -b. Let n be (t/(-7))/(u/(-28)). What is q(n)?
11
Let g = -30 - -25. Let n(b) be the second derivative of 0 - 1/12*b**4 + 3*b - 2*b**2 - 5/6*b**3. What is n(g)?
-4
Suppose -u + 6*n - 4*n = -5, 4*n = -3*u + 5. Let b(h) = -h**3 + 3*h**2 - 2*h - 3. Determine b(u).
-9
Let f(c) = -3*c + 5. Let j = 7 - 1. Let x be f(j). Let m = 18 + x. Let s(g) = g**2 - 5*g - 4. Calculate s(m).
-4
Let q(v) = 16*v**2. Let a(k) = 119*k + 1. Let s be a(0). What is q(s)?
16
Let w(y) = 3*y**3 + 35*y - 20*y - 16*y + 2 - 2*y**3 - y**2. Suppose 4*c = x + 7, -2*c - 4*x = -c - 6. Determine w(c).
4
Suppose 4*v = -7*s + 4*s + 83, -5*v + 4*s + 65 = 0. Let t(w) = 2*w - 33. Determine t(v).
1
Let o(h) = h**2 - h - 5. Let y be o(4). Let z(d) = 3*d + y*d - 11*d - 3*d**3. Determine z(-1).
4
Let r(s) = -22*s + 4. Let w(q) = 19*q - 2. Let d(u) = 6*r(u) + 7*w(u). Determine d(-8).
2
Let k(p) = 4*p - 1. Let d(r) = 8*r**2 - 11*r - 11. Let t(m) = 17*m**2 - 21*m - 22. Let j(h) = -13*d(h) + 6*t(h). Let w be j(9). What is k(w)?
7
Suppose 4*d = 3*f - 19, f - 5 = d - 0. Let k(q) = -q**2 - 4*q + 5. Calculate k(d).
5
Let g(o) = -1 + 2*o**2 - 1 + 3*o - 4*o. Suppose -5*j + z + 7 = 0, -3*j - z - 6 = -5*z. Suppose -5*t + 9 = -j*t. Determine g(t).
13
Suppose 0 = -49*i + 161 + 35. Let o(h) = -h**3 + 5*h**2 - 7*h + 7. Give o(i).
-5
Let h(l) = -6 - 15*l**3 + 0*l**2 + 33*l**3 + l**2 + 4*l**2 - 19*l**3 + 8*l. Let t = -4 + 10. Give h(t).
6
Let l(c) = -c - 5. Suppose -37*z + 300 = -87*z. Give l(z).
1
Suppose 4*l - 32 = -4. Let v(w) = -w**2 + 7*w - 5. Give v(l).
-5
Suppose -8 = -0*k - 2*k. Let h = -47 + 65. Let o(l) = 2 + 2*l**2 - h*l + 11*l + 2. What is o(k)?
8
Let k(r) be the first derivative of -r**4/4 - 11*r**3/3 + 3*r - 3. Determine k(-11).
3
Let a(m) be the third derivative of -m**6/120 + m**5/60 + 3*m**4/4 - 17*m**2. Let y(z) be the second derivative of a(z). Calculate y(2).
-10
Let a(u) be the third derivative of u**6/360 + u**5/40 + 5*u**4/24 - 9*u**3/2 - 14*u**2. Let g(i) be the first derivative of a(i). Determine g(-4).
9
Let l(c) = -c**3 + c**2 - c + 7. Let b = 31 - 30. Suppose 3*d + b = -2*v - 9, -4*d - 2*v = 10. Give l(d).
7
Let y be 777/(-112) - (-4)/(-64). Let w(t) = t + 3. What is w(y)?
-4
Let r = 49 + -46. Let u(z) = -z**2 + 5*z. Calculate u(r).
6
Let j(w) = 19*w**2 - 1. Let o(m) = -m**2 - 9*m + 11. Let t be o(-10). Calculate j(t).
18
Let f = 97 - 93. Let l(i) = 1 + i - 4 + 5 + 0. Determine l(f).
6
Let h(y) = -2*y**3 + 11*y**2 + 20*y - 9. Let p(r) = r**3 - 6*r**2 - 11*r + 5. Let d(u) = 3*h(u) + 5*p(u). Determine d(4).
2
Suppose -19*n = 31*n + 25*n. Let k(m) be the third derivative of 0*m**5 + 1/10*m**6 - 1/6*m**3 + 0 + 2*m**2 + 0*m**4 + n*m. What is k(1)?
11
Let o(m) = 2*m + 9. Suppose -16*z + 90 + 22 = 0. Give o(z).
23
Let c(s) be the first derivative of -s**2/2 - 3*s - 13. Let v be c(2). Let n(o) = -o - 3. Let i(l) = l + 4. Let k(q) = 5*i(q) + 6*n(q). Determine k(v).
7
Suppose -4*v = 6 + 6. Let d(h) = h + 1. Let u(r) = -2*r - 17. Let f(y) = v*d(y) - u(y). Calculate f(7).
7
Let b = 60 + -70. Let h be b/15*(-21)/(-2). Let l(z) = -z**2 - 6*z + 2. What is l(h)?
-5
Let q be -10 - (2 + -8) - -9. Let p(m) = -2 + 4*m + 5*m**2 + 0*m + 0 - m**3. Calculate p(q).
18
Let v(p) = -p**2 - 10*p - 3. Suppose -2*u = 43*u + 225. Give v(u).
22
Let j(b) be the first derivative of b**4/4 - 13*b**3/3 + 7*b**2 + 6*b - 357. What is j(12)?
30
Let b(s) be the first derivative of -s**3 + 5*s**2/2 - 7*s - 11. Let a(r) = -5*r**2 + 8*r - 10. Let w(i) = -5*a(i) + 8*b(i). Let j = 1 + -1. Give w(j).
-6
Let l = 6 - 0. Let p(t) = -3*t - 1. Let x(w) = -14*w - 7. Let r(a) = -5*p(a) + x(a). Calculate r(l).
4
Suppose -4*l = 3*t - 47, -3*t + 7 = l - 5*l. Suppose 0 = 3*v - 3*y - 36, -6*y = 5*v - 2*y - 60. Let m(p) = 11 + v*p - t - 2. What is m(-1)?
-12
Let y(z) be the second derivative of z**3/6 - 2*z**2 - z - 11. What is y(9)?
5
Let u(w) = -2*w + 14. Let s(p) = -p - 21. Let n be s(-33). Determine u(n).
-10
Let h(t) be the first derivative of -t**4/4 - 8*t**3/3 + 11*t**2/2 + 13*t - 1771. Let d be (-1)/4 - (-35)/(-4). Determine h(d).
-5
Let d(u) = 23 - 5 + 10*u - 1 - 4. Let g be d(-2). Let i(x) = x**3 + 7*x**2 + 2*x + 7. Give i(g).
-7
Let k(n) = 4*n**2 - 4*n + 1. Suppose 5*p - 175 + 160 = 0. Determine k(p).
25
Let u(k) = -k**2 - 4*k. Let o be u(-5). Let d = -11 - o. Let v(a) be the first derivative of -a**4/4 - 2*a**3 - a**2 - a - 243. What is v(d)?
11
Let r(z) be the third derivative of -z**4/12 - 7*z**3/6 + 2*z**2 - 23*z. Suppose -n + 5 = 2*w, -2*n - n - 15 = 0. Calculate r(w).
-17
Let o(f) = -2*f**2 - 19*f - 12. Let n(u) = 6*u**2 + 56*u + 37. Let g(i) = -2*n(i) - 7*o(i). Give g(-10).
0
Let v(j) = -138*j + 8. Let z(k) = -43*k + 3. Let a(u) = -5*v(u) + 16*z(u). Calculate a(-6).
-4
Let x(t) = -t**2 - 9*t + 8. Suppose 14*n + 22*n + 360 = 0. Determine x(n).
-2
Let o(z) = -z**3 - 7*z**2 - 12*z - 43. Let p be o(-6). Let j(y) = -y**2 - 8*y - 9. What is j(p)?
-2
Suppose -8*h + 110 = 14. Let r(f) = -f**3 + 13*f**2 - 13*f + 16. Determine r(h).
4
Let k(m) be the second derivative of m**4/12 - 11*m**3/6 + 3*m**2 + 2*m - 4. Calculate k(11).
6
Let x(g) = -3*g**2 - g. Suppose -3*u - 2*u - 5*p - 100 = 0, -65 = 3*u - 2*p. Let r = -58 - -36. Let t = r - u. Calculate x(t).
-2
Suppose -5*w = -4*x + 57, -x - 2*w = -3*x + 30. Suppose 5*m + y + 69 = 0, -m + 3*y - 40 = 3*m. Let p = m + x. Let o(g) = g**2 - 4*g + 3. What is o(p)?
8
Let o(r) = r - 21. Let u(p) = p - 20. Let v(f) = -5*o(f) + 6*u(f). Determine v(16).
1
Let w(s) = -s**2 + 7*s**2 - 3 - 7*s**2 + 3*s. Let x(z) = z**2 + 7*z + 14. Let d be x(-2). Calculate w(d).
-7
Let s = 29 + -29. Let z(v) = 4*v**2 + 5 + v**3 - 2 - 1 + s + v. Give z(-3).
8
Let w(k) = k - 4. Suppose 3*l = s + 2*s + 24, 28 = 5*l - 2*s. Suppose -4*d - l*t = 20, d - 3 - 2 = t. Calculate w(d).
-4
Let x(p) be the second deri